{"id":1081,"date":"2021-04-24T06:46:05","date_gmt":"2021-04-24T05:46:05","guid":{"rendered":"http:\/\/nakanarach.pl\/?page_id=1081"},"modified":"2024-09-24T11:30:54","modified_gmt":"2024-09-24T10:30:54","slug":"turystyka","status":"publish","type":"page","link":"http:\/\/nakanarach.pl\/index.php\/turystyka\/","title":{"rendered":"Turystyka"},"content":{"rendered":"\n<p><strong>Wyspy Kanaryjskie<\/strong> <strong>to region nale\u017c\u0105cy do Hiszpanii, pomimo, \u017ce dzieli go od P\u00f3\u0142wyspu Iberyjskiego prawie 1,5 tys. km. Archipelag sk\u0142ada si\u0119 z 7 du\u017cych wysp pochodzenia wulkanicznego, a tak\u017ce\u00a06 mniejszych i ma\u0142o znanych wysepek: Graciosa, Alegranza, Lobos, Montana Clara, Roque del Este i Roque del Oeste. <\/strong><\/p>\n\n\n\n<figure class=\"wp-block-image size-large\"><img fetchpriority=\"high\" decoding=\"async\" width=\"800\" height=\"558\" src=\"http:\/\/nakanarach.pl\/wp-content\/uploads\/2021\/04\/Wyspy-Kanaryjskie-fot-NASA-1.jpg\" alt=\"\" class=\"wp-image-1098\" srcset=\"http:\/\/nakanarach.pl\/wp-content\/uploads\/2021\/04\/Wyspy-Kanaryjskie-fot-NASA-1.jpg 800w, http:\/\/nakanarach.pl\/wp-content\/uploads\/2021\/04\/Wyspy-Kanaryjskie-fot-NASA-1-300x209.jpg 300w, http:\/\/nakanarach.pl\/wp-content\/uploads\/2021\/04\/Wyspy-Kanaryjskie-fot-NASA-1-768x536.jpg 768w\" sizes=\"(max-width: 800px) 100vw, 800px\" \/><figcaption class=\"wp-element-caption\"><em><strong>Fot. NASA<\/strong><\/em><\/figcaption><\/figure>\n\n\n\n<p>Wyspy Kanaryjskie le\u017c\u0105 ok. 150 km na zach\u00f3d od Afryki, ich powierzchnia wynosi 7293 km\u00b2, a liczba mieszka\u0144c\u00f3w ponad 2 mln. Najludniejsze s\u0105:&nbsp;Teneryfa (806 tys. mieszka\u0144c\u00f3w), Gran Canaria (730 tys.), Lanzarote (97 tys.), Fuerteventura (87 tys.), La Palma (84 tys.), La Gomera (22 tys.), El Hierro (10 tys.). Pozosta\u0142e wyspy s\u0105 jeszcze mniejsze, niezamieszka\u0142e wcale lub zamieszka\u0142e tylko czasowo.<\/p>\n\n\n\n<p>Najwi\u0119ksze z Wysp Kanaryjskich to Teneryfa, Fuerteventura i Gran Canaria. Obszar jest zaliczany do&nbsp;Makaronezji. Region w wyniku wcze\u015bniejszych konflikt\u00f3w podzielono na dwie prowincje, kt\u00f3re maj\u0105 dwie stolice:&nbsp;Santa Cruz de Tenerife na Teneryfie oraz Las Palmas de Gran Canaria (najwi\u0119ksze miasto na Wyspach Kanaryjskich), kt\u00f3re zamieszkuje licz\u0105c jako centrum administracyjne 379 tys. mieszka\u0144c\u00f3w na obszarze 100,55&nbsp;km\u00b2, natomiast zesp\u00f3\u0142 miejski ma 670 tys. mieszka\u0144c\u00f3w Las Palmas jest \u00f3smym co do wielko\u015bci miastem w Hiszpanii. <\/p>\n\n\n\n<figure class=\"wp-block-image size-medium\"><img decoding=\"async\" width=\"300\" height=\"169\" src=\"http:\/\/nakanarach.pl\/wp-content\/uploads\/2021\/04\/178067863_308915163914205_6314645762991179206_n-300x169.jpg\" alt=\"\" class=\"wp-image-1089\" srcset=\"http:\/\/nakanarach.pl\/wp-content\/uploads\/2021\/04\/178067863_308915163914205_6314645762991179206_n-300x169.jpg 300w, http:\/\/nakanarach.pl\/wp-content\/uploads\/2021\/04\/178067863_308915163914205_6314645762991179206_n-1024x576.jpg 1024w, http:\/\/nakanarach.pl\/wp-content\/uploads\/2021\/04\/178067863_308915163914205_6314645762991179206_n-768x432.jpg 768w, http:\/\/nakanarach.pl\/wp-content\/uploads\/2021\/04\/178067863_308915163914205_6314645762991179206_n-1536x864.jpg 1536w, http:\/\/nakanarach.pl\/wp-content\/uploads\/2021\/04\/178067863_308915163914205_6314645762991179206_n.jpg 1728w\" sizes=\"(max-width: 300px) 100vw, 300px\" \/><figcaption class=\"wp-element-caption\"><em><strong>Widok z g\u00f3ry na Las Palmas de Gran Canaria Fot. nakanarach.pl<\/strong><\/em><\/figcaption><\/figure>\n\n\n\n<p><strong>La Gomera<\/strong> to najziele\u0144sza wyspa na ca\u0142ym archipelagu. Jest nazywana &#8222;Wysp\u0105 Kolumba&#8221;, kt\u00f3ry podczas swoich wypraw w\u0142a\u015bnie tutaj zaopatrywa\u0142 si\u0119 w wod\u0119 i \u017cywno\u015b\u0107 przed wyruszeniem do Nowego \u015awiata. To jedna z najmniejszych wysp na archipelagu. Wyspa jest pochodzenia wulkanicznego z najwy\u017cszym szczytem Garajonay. Na wyspie u\u017cywany jest te\u017c unikatowy j\u0119zyk gwizd\u00f3w&nbsp;zwany el silbo gomero. <\/p>\n\n\n\n<p class=\"has-white-color has-vivid-red-background-color has-text-color has-background\"><strong>NAZWA I HISTORIA<\/strong><\/p>\n\n\n\n<p>Nazwa Wysp Kanaryjskich nie pochodzi, wbrew pozorom, od popularnych ptak\u00f3w kanark\u00f3w, lecz od nazwy psa. W przesz\u0142o\u015bci obszar&nbsp;ten by\u0142&nbsp;zamieszkiwany by\u0142 przez stada dzikich czworonog\u00f3w. Pies to po \u0142acinie to \u201ecanis\u201d \u2013 st\u0105d w\u0142a\u015bnie wzi\u0119\u0142a si\u0119&nbsp;nazwa&nbsp;Islas Canarias. Jednak nazwa &#8222;kanarek&#8221; wzi\u0119\u0142a si\u0119 od nazwy wysp.<\/p>\n\n\n\n<p>W staro\u017cytno\u015bci Wyspy Kanaryjskie okre\u015blano jako Wyspy Szcz\u0119\u015bliwe i wed\u0142ug legend by\u0142y odwiedzane przez&nbsp;Rzymian i Grek\u00f3w.  Na pocz\u0105tku XIV w. wyspy zosta\u0142y ponownie odkryte przez Europejczyk\u00f3w. W\u00f3wczas tereny te zamieszkiwa\u0142 lud&nbsp;Guancz\u00f3w, pokrewny Berberom, kt\u00f3ry zosta\u0142 w wyniku wojen prawie ca\u0142kowicie wyt\u0119piony w wielu krwawych bataliach i cz\u0119\u015bciowo zasymilowany.<\/p>\n\n\n\n<p class=\"has-white-color has-vivid-cyan-blue-background-color has-text-color has-background\"><strong>TEMPERATURY POWIETRZA I OCEANU<\/strong> <strong>NA WYSPACH KANARYJSKICH<\/strong><\/p>\n\n\n\n<p><strong>LATO<\/strong> &#8211; najcieplej na Wyspach Kanaryjskich jest od lipca do wrze\u015bnia. W\u00f3wczas temperatury mierzone w cieniu mog\u0105 si\u0119ga\u0107 \u015brednio 27- 30 stopni, ale podczas kalimy zdarzaj\u0105 si\u0119 te\u017c upa\u0142y dochodz\u0105ce do 45 stopni Celsjusza w cieniu. Dlatego zdarza si\u0119, \u017ce czasem na Gran Canarii notuje si\u0119 najwy\u017csze temperatury w ca\u0142ej Hiszpanii.<\/p>\n\n\n\n<p><strong>JESIE\u0143 <\/strong>&#8211; w pa\u017adzierniku \u015brednie temperatury spadaj\u0105 do ok. 25 stopni, w listopadzie do 23 stopni. W nocy ok. 19-20 stopni. <\/p>\n\n\n\n<p><strong>ZIMA <\/strong>&#8211; w grudniu temperatury wahaj\u0105 si\u0119 \u015brednio pomi\u0119dzy 19-23, w styczniu spadaj\u0105 do 21, a w lutym do 19-21 stopni w cieniu, ale i zdarzaj\u0105 si\u0119 zimowe dni w temperaturami powy\u017cej 30 stopni Celsjusza. Noce w sezonie zimowym mog\u0105 by\u0107 ch\u0142odniejsze &#8211; ok. 11-17 stopni, a na szczytach Teneryfy i La Palmy powy\u017cej 800 metr\u00f3w nawet zdarzaj\u0105 si\u0119 temperatury ujemne do -5 stopni Celsjusza i czasem pada \u015bnieg. Jedynym wyj\u0105tkiem jest jedna z najmniejszych wysp El Hierro, gdzie temperatury nawet latem rzadko przekraczaj\u0105 20 stopni Celsjusza w ci\u0105gu dnia. <\/p>\n\n\n\n<p><strong>WIOSNA<\/strong> &#8211; temperatury s\u0105 ca\u0142kiem przyjemne ok. 22-25 stopni, ale w kwietniu 2023 roku na po\u0142udniu Gran Canarii zanotowano temperatur\u0119 przekraczaj\u0105c\u0105 42 stopnie Celsjusza w cieniu. <\/p>\n\n\n\n<p><strong>Najcieplejsza woda w oceanie<\/strong> na Wyspach Kanaryjskich jest od sierpnia do pa\u017adziernika ok. 23-24 stopni Celsjusza, w lipcu &#8211; 22, w czerwcu oraz w listopadzie i grudniu ok. 21, a od stycznia do maja 19-20 stopni. \u00a0Dla por\u00f3wnania \u015brednia temperatura wody w polskim Ba\u0142tyku wynosi latem zaledwie 18 stopni.<\/p>\n\n\n\n<p>Na Wyspach Kanaryjskich jest \u015brednio 300 s\u0142onecznych dni w roku. Najwi\u0119cej deszczowych dni notuje si\u0119 w grudniu (nawet 55 mm). W styczniu, lutym i marcu opady s\u0105 mniejsze, ale te\u017c si\u0119 zdarzaj\u0105. <\/p>\n\n\n\n<p>Niemal wszystkie wyspy archipelagu maj\u0105 r\u00f3\u017cne strefy klimatyczne. W przypadku Gran Canarii, kt\u00f3ra ma \u015brednic\u0119 60 km r\u00f3\u017cnica temperatur mi\u0119dzy po\u0142udniem, a p\u00f3\u0142noc\u0105 wyspy mo\u017ce wynosi\u0107 10 stopni Celsjusza. Jest tu kilka stref klimatycznych od suchej i cieplejszej na po\u0142udniu do wilgotniejszej i ch\u0142odniejszej na p\u00f3\u0142nocy. Podobnie jest na Teneryfie. &nbsp;&nbsp;&nbsp;<\/p>\n\n\n\n<p>Fuerteventura \u2013 w przeciwie\u0144stwie do innych wysp Kanar\u00f3w &#8211; nie jest podzielona na dwie strefy klimatyczne, czyli ch\u0142odniejsz\u0105 p\u00f3\u0142noc oraz cieplejsze po\u0142udnie z minimaln\u0105 ilo\u015bci\u0105 opad\u00f3w deszczu, kt\u00f3ry w sezonie letnim mo\u017ce by\u0107 niespotykany przez kilka miesi\u0119cy. Wyspa uznawana jest jednak za bardziej wietrzn\u0105. Jest rajem dla surfer\u00f3w i amator\u00f3w innych sport\u00f3w wodnych, a wysokie temperatury latem nie s\u0105 tak uci\u0105\u017cliwe.<\/p>\n\n\n\n<p class=\"has-vivid-green-cyan-background-color has-background\"><strong>NAJLEPSZY KLIMAT NA \u015aWIECIE<\/strong><\/p>\n\n\n\n<p>Vina del Mar w Chile oraz sklasyfikowane tu\u017c za nim na drugim miejscu <strong>Las Palmas<\/strong> <strong>de Gran Canaria<\/strong> w Hiszpanii to wed\u0142ug naukowc\u00f3w najlepsze miejsca na \u015bwiecie do zamieszkania przez cz\u0142owieka &#8211; wynika z rankingu przygotowanego przez portal Weatherwise.org. Te miasta maj\u0105 najwi\u0119cej s\u0142onecznych dni w roku oraz \u0142agodne zimy. Na Gran Canarii \u015brednia temperatura w sezonie zimowym (stycze\u0144, luty) waha si\u0119 w okolicach 21 w dzie\u0144 i ok. 15 stopni Celsjusza w nocy. Wyspy Kanaryjskie to region wiecznej wiosny, nie jest ani za gor\u0105co ani za zimno (temperatura rzadko przekracza 30 stopni Celsjusza) i nie ma wi\u0119kszych waha\u0144 ci\u015bnienia atmosferycznego &#8211; \u015brednio jest ok. 1013 hPa. Pobyt w takim klimacie wed\u0142ug specjalist\u00f3w zapobiega chorobom ko\u015bci (np. osteoporozie) i&nbsp;pomaga w&nbsp;przypadku dolegliwo\u015bci typu wysokie ci\u015bnienie krwi i&nbsp;b\u00f3l mi\u0119\u015bni.&nbsp;<\/p>\n\n\n\n<p>Australijski magazyn podr\u00f3\u017cniczy &#8222;Traveller&#8221; w artykule o stolicy Gran Canarii &#8211; Las Palmas, powo\u0142uje si\u0119 na badania Thomasa Whitmore\u2019a&nbsp;z Uniwersytetu Syracuse, kt\u00f3ry w 1996 roku przeanalizowa\u0142 klimat sze\u015bciuset miast na \u015bwiecie. Stwierdzi\u0142, \u017ce w Las Palmas klimat do dobrego samopoczucia jest wy\u015bmienity z powodu niewielkich r\u00f3\u017cnic temperatur w dzie\u0144 i w nocy, umiarkowanego wiatru i podobnych temperatur mi\u0119dzy latem a zim\u0105.<\/p>\n\n\n\n<p>To idealne miejsce na wakacje przez ca\u0142y rok. Wysoka zawarto\u015b\u0107 soli mineralnych oraz&nbsp;jon\u00f3w ujemnych w Oceanie Atlantyckim zapewnia dzia\u0142anie przeciwutleniaj\u0105ce i&nbsp;relaksacyjne. Powietrze niesione przez passat wp\u0142ywa korzystnie na uk\u0142ad oddechowy i&nbsp;na sk\u00f3r\u0119, kt\u00f3ra po takim wypoczynku b\u0119dzie dog\u0142\u0119bnie od\u017cywiona i&nbsp;nawil\u017cona.&nbsp;<\/p>\n\n\n\n<figure class=\"wp-block-image size-large\"><img decoding=\"async\" width=\"1024\" height=\"683\" src=\"http:\/\/nakanarach.pl\/wp-content\/uploads\/2021\/04\/maspalomas-1762716_1920-1024x683.jpg\" alt=\"\" class=\"wp-image-911\" srcset=\"http:\/\/nakanarach.pl\/wp-content\/uploads\/2021\/04\/maspalomas-1762716_1920-1024x683.jpg 1024w, http:\/\/nakanarach.pl\/wp-content\/uploads\/2021\/04\/maspalomas-1762716_1920-300x200.jpg 300w, http:\/\/nakanarach.pl\/wp-content\/uploads\/2021\/04\/maspalomas-1762716_1920-768x512.jpg 768w, http:\/\/nakanarach.pl\/wp-content\/uploads\/2021\/04\/maspalomas-1762716_1920-1536x1024.jpg 1536w, http:\/\/nakanarach.pl\/wp-content\/uploads\/2021\/04\/maspalomas-1762716_1920.jpg 1920w\" sizes=\"(max-width: 1024px) 100vw, 1024px\" \/><figcaption class=\"wp-element-caption\"><strong>Widok na Wydmy Maspalomas <\/strong> <em><strong>Foto<\/strong><\/em>: <strong><em>maspalomas.com<\/em><\/strong><\/figcaption><\/figure>\n\n\n\n<p class=\"has-black-color has-luminous-vivid-amber-background-color has-text-color has-background\"><strong>CZAS LETNI I ZIMOWY<\/strong> <strong>NA WYSPACH KANARYJSKICH<\/strong><\/p>\n\n\n\n<p>Przez ca\u0142y rok dni s\u0105 jednak kr\u00f3tsze ni\u017c w Polsce. Jasno robi si\u0119 w bardzo kr\u00f3tkim czasie, czyli tak\u017ce inaczej ni\u017c u nas. Latem s\u0142o\u0144ce wschodzi ok. godz. 7 czasu lokalnego i zachodzi po 21, w zimie dni s\u0105 kr\u00f3tsze &#8211; wsch\u00f3d po godz. 7, zach\u00f3d po godz. 18. Warto pami\u0119ta\u0107, \u017ce zegarki trzeba przesun\u0105\u0107 o godzin\u0119 do ty\u0142u, w por\u00f3wnaniu z obowi\u0105zuj\u0105cym w danym okresie czasem w Polsce. Dwa razy w roku &#8211; pod koniec marca i pa\u017adziernika &#8211; trzeba zmieni\u0107 czas z zimowego na letni i odwrotnie. <\/p>\n\n\n\n<figure class=\"wp-block-image size-medium\"><img loading=\"lazy\" decoding=\"async\" width=\"300\" height=\"169\" src=\"http:\/\/nakanarach.pl\/wp-content\/uploads\/2021\/04\/176405834_290941299289563_4100404667548571384_n-300x169.jpg\" alt=\"\" class=\"wp-image-1092\" srcset=\"http:\/\/nakanarach.pl\/wp-content\/uploads\/2021\/04\/176405834_290941299289563_4100404667548571384_n-300x169.jpg 300w, http:\/\/nakanarach.pl\/wp-content\/uploads\/2021\/04\/176405834_290941299289563_4100404667548571384_n-1024x576.jpg 1024w, http:\/\/nakanarach.pl\/wp-content\/uploads\/2021\/04\/176405834_290941299289563_4100404667548571384_n-768x432.jpg 768w, http:\/\/nakanarach.pl\/wp-content\/uploads\/2021\/04\/176405834_290941299289563_4100404667548571384_n-1536x864.jpg 1536w, http:\/\/nakanarach.pl\/wp-content\/uploads\/2021\/04\/176405834_290941299289563_4100404667548571384_n.jpg 1728w\" sizes=\"(max-width: 300px) 100vw, 300px\" \/><figcaption class=\"wp-element-caption\"><em><strong>Foto. nakanarach.pl<\/strong><\/em><\/figcaption><\/figure>\n","protected":false},"excerpt":{"rendered":"<p>Wyspy Kanaryjskie to region nale\u017c\u0105cy do Hiszpanii, pomimo, \u017ce dzieli go od P\u00f3\u0142wyspu Iberyjskiego prawie 1,5 tys. km. Archipelag sk\u0142ada si\u0119 z 7 du\u017cych wysp pochodzenia wulkanicznego, a tak\u017ce\u00a06 mniejszych i ma\u0142o znanych wysepek: Graciosa, Alegranza, Lobos, Montana Clara, Roque del Este i Roque del Oeste. Wyspy Kanaryjskie le\u017c\u0105 ok. 150 km na zach\u00f3d od [&hellip;]<\/p>\n","protected":false},"author":2,"featured_media":0,"parent":0,"menu_order":0,"comment_status":"closed","ping_status":"closed","template":"","meta":{"om_disable_all_campaigns":false,"_monsterinsights_skip_tracking":false,"_monsterinsights_sitenote_active":false,"_monsterinsights_sitenote_note":"","_monsterinsights_sitenote_category":0,"footnotes":""},"class_list":["post-1081","page","type-page","status-publish","hentry"],"aioseo_notices":[],"blog_post_layout_featured_media_urls":{"thumbnail":"","full":""},"categories_names":null,"comments_number":"0","wpmagazine_modules_lite_featured_media_urls":{"thumbnail":"","cvmm-medium":"","cvmm-medium-plus":"","cvmm-portrait":"","cvmm-medium-square":"","cvmm-large":"","cvmm-small":"","full":""},"_links":{"self":[{"href":"http:\/\/nakanarach.pl\/index.php\/wp-json\/wp\/v2\/pages\/1081","targetHints":{"allow":["GET"]}}],"collection":[{"href":"http:\/\/nakanarach.pl\/index.php\/wp-json\/wp\/v2\/pages"}],"about":[{"href":"http:\/\/nakanarach.pl\/index.php\/wp-json\/wp\/v2\/types\/page"}],"author":[{"embeddable":true,"href":"http:\/\/nakanarach.pl\/index.php\/wp-json\/wp\/v2\/users\/2"}],"replies":[{"embeddable":true,"href":"http:\/\/nakanarach.pl\/index.php\/wp-json\/wp\/v2\/comments?post=1081"}],"version-history":[{"count":23,"href":"http:\/\/nakanarach.pl\/index.php\/wp-json\/wp\/v2\/pages\/1081\/revisions"}],"predecessor-version":[{"id":8659,"href":"http:\/\/nakanarach.pl\/index.php\/wp-json\/wp\/v2\/pages\/1081\/revisions\/8659"}],"wp:attachment":[{"href":"http:\/\/nakanarach.pl\/index.php\/wp-json\/wp\/v2\/media?parent=1081"}],"curies":[{"name":"wp","href":"https:\/\/api.w.org\/{rel}","templated":true}]}}