{"id":4390,"date":"2022-03-17T16:11:50","date_gmt":"2022-03-17T16:11:50","guid":{"rendered":"http:\/\/nakanarach.pl\/?page_id=4390"},"modified":"2022-03-21T17:29:39","modified_gmt":"2022-03-21T17:29:39","slug":"komunikacja-publiczna","status":"publish","type":"page","link":"http:\/\/nakanarach.pl\/index.php\/komunikacja-publiczna\/","title":{"rendered":"Komunikacja publiczna"},"content":{"rendered":"<div id=\"cv-list-post-layout\" class=\"block-8a328e89-9deb-4967-b442-3a7aa79d4440 cv-block cv-block-list--layout-one\">    <div class=\"cv-post-wrapper cv-post--imagemargin column--two\">\r\n                        <article post-id=\"post-8419\" class=\"cv-post post-format--standard\" itemscope itemtype=\"http:\/\/schema.org\/articleBody\">\r\n                    <div class=\"cv-post-left-wrap\">\r\n                        <div class=\"cv-post-thumb\">\r\n                            <a href=\"http:\/\/nakanarach.pl\/index.php\/2024\/07\/31\/uwiezieni-w-autobusie\/\"><img decoding=\"async\" src=\"http:\/\/nakanarach.pl\/wp-content\/uploads\/2024\/07\/Autobus-Titsa-Teneryfa-Fot-FB-Titsa.jpg\" alt=\"UWI\u0118ZIENI W AUTOBUSIE\"\/><\/a>\r\n                        <\/div>\r\n                    <\/div><!-- .cv-post-left-wrap -->\r\n                    <div class=\"cv-post-right-wrap\">\r\n                                                <h2 class=\"cv-post-title\">\r\n                            <a href=\"http:\/\/nakanarach.pl\/index.php\/2024\/07\/31\/uwiezieni-w-autobusie\/\" target=\"_self\">\r\n                                UWI\u0118ZIENI W AUTOBUSIE                            <\/a>\r\n                        <\/h2>\r\n                        <div class=\"cv-post-meta cv-meta-icon-show\">\r\n                            <span class=\"cv-post-date cv-post-meta-item\" itemprop=\"datePublished\"><a href=\"http:\/\/nakanarach.pl\/index.php\/2024\/07\/31\/uwiezieni-w-autobusie\/\">31 lipca 2024<\/a><\/span>                        <\/div>\r\n                        <div class=\"cv-post-content\" itemprop=\"description\">Policja wyja\u015bnia spraw\u0119 uwi\u0119zienia pasa\u017cer\u00f3w, w tym zdezorientowanych turyst\u00f3w miejskiego autobusu na Teneryfie. Jest to&hellip;<\/div>                        <div class=\"cv-read-more\"><a href=http:\/\/nakanarach.pl\/index.php\/2024\/07\/31\/uwiezieni-w-autobusie\/>Czytaj wi\u0119cej<i class=\"fas fa-arrow-right\"><\/i><\/a><\/div>                    <\/div><!-- .cv-post-right-wrap -->\r\n                <\/article>\r\n                        <article post-id=\"post-6024\" class=\"cv-post post-format--standard\" itemscope itemtype=\"http:\/\/schema.org\/articleBody\">\r\n                    <div class=\"cv-post-left-wrap\">\r\n                        <div class=\"cv-post-thumb\">\r\n                            <a href=\"http:\/\/nakanarach.pl\/index.php\/2023\/01\/02\/bezplatne-autobusy-i-tramwaje-na-kanarach\/\"><img decoding=\"async\" src=\"http:\/\/nakanarach.pl\/wp-content\/uploads\/2021\/04\/Autobus-Lotnisko-Gran-Canaria-scaled.jpg\" alt=\"BEZP\u0141ATNE AUTOBUSY I TRAMWAJE NA KANARACH\"\/><\/a>\r\n                        <\/div>\r\n                    <\/div><!-- .cv-post-left-wrap -->\r\n                    <div class=\"cv-post-right-wrap\">\r\n                                                <h2 class=\"cv-post-title\">\r\n                            <a href=\"http:\/\/nakanarach.pl\/index.php\/2023\/01\/02\/bezplatne-autobusy-i-tramwaje-na-kanarach\/\" target=\"_self\">\r\n                                BEZP\u0141ATNE AUTOBUSY I TRAMWAJE NA KANARACH                            <\/a>\r\n                        <\/h2>\r\n                        <div class=\"cv-post-meta cv-meta-icon-show\">\r\n                            <span class=\"cv-post-date cv-post-meta-item\" itemprop=\"datePublished\"><a href=\"http:\/\/nakanarach.pl\/index.php\/2023\/01\/02\/bezplatne-autobusy-i-tramwaje-na-kanarach\/\">2 stycznia 2023<\/a><\/span>                        <\/div>\r\n                        <div class=\"cv-post-content\" itemprop=\"description\">Koalicja Kanaryjska (CC) og\u0142osi\u0142a, \u017ce zosta\u0142a zawarta umowa z centralnym rz\u0105dem Hiszpanii w sprawie w\u0142\u0105czenia&hellip;<\/div>                        <div class=\"cv-read-more\"><a href=http:\/\/nakanarach.pl\/index.php\/2023\/01\/02\/bezplatne-autobusy-i-tramwaje-na-kanarach\/>Czytaj wi\u0119cej<i class=\"fas fa-arrow-right\"><\/i><\/a><\/div>                    <\/div><!-- .cv-post-right-wrap -->\r\n                <\/article>\r\n                        <article post-id=\"post-4549\" class=\"cv-post post-format--standard\" itemscope itemtype=\"http:\/\/schema.org\/articleBody\">\r\n                    <div class=\"cv-post-left-wrap\">\r\n                        <div class=\"cv-post-thumb\">\r\n                            <a href=\"http:\/\/nakanarach.pl\/index.php\/2022\/03\/28\/nowe-linie-autobusowe-i-platnosci-karta\/\"><img decoding=\"async\" src=\"http:\/\/nakanarach.pl\/wp-content\/plugins\/wp-blog-post-layouts\/includes\/assets\/images\/image.jpg\" alt=\"NOWE LINIE AUTOBUSOWE I P\u0141ATNO\u015aCI KART\u0104\"\/><\/a>\r\n                        <\/div>\r\n                    <\/div><!-- .cv-post-left-wrap -->\r\n                    <div class=\"cv-post-right-wrap\">\r\n                                                <h2 class=\"cv-post-title\">\r\n                            <a href=\"http:\/\/nakanarach.pl\/index.php\/2022\/03\/28\/nowe-linie-autobusowe-i-platnosci-karta\/\" target=\"_self\">\r\n                                NOWE LINIE AUTOBUSOWE I P\u0141ATNO\u015aCI KART\u0104                            <\/a>\r\n                        <\/h2>\r\n                        <div class=\"cv-post-meta cv-meta-icon-show\">\r\n                            <span class=\"cv-post-date cv-post-meta-item\" itemprop=\"datePublished\"><a href=\"http:\/\/nakanarach.pl\/index.php\/2022\/03\/28\/nowe-linie-autobusowe-i-platnosci-karta\/\">28 marca 2022<\/a><\/span>                        <\/div>\r\n                        <div class=\"cv-post-content\" itemprop=\"description\">Mo\u017cna ju\u017c p\u0142aci\u0107 kart\u0105 w 33 liniach autobusowych na Teneryfie. Dodatkowo od wiosny na tej&hellip;<\/div>                        <div class=\"cv-read-more\"><a href=http:\/\/nakanarach.pl\/index.php\/2022\/03\/28\/nowe-linie-autobusowe-i-platnosci-karta\/>Czytaj wi\u0119cej<i class=\"fas fa-arrow-right\"><\/i><\/a><\/div>                    <\/div><!-- .cv-post-right-wrap -->\r\n                <\/article>\r\n                        <article post-id=\"post-2971\" class=\"cv-post post-format--standard\" itemscope itemtype=\"http:\/\/schema.org\/articleBody\">\r\n                    <div class=\"cv-post-left-wrap\">\r\n                        <div class=\"cv-post-thumb\">\r\n                            <a href=\"http:\/\/nakanarach.pl\/index.php\/2021\/10\/08\/autobusy-na-teide\/\"><img decoding=\"async\" src=\"http:\/\/nakanarach.pl\/wp-content\/plugins\/wp-blog-post-layouts\/includes\/assets\/images\/image.jpg\" alt=\"AUTOBUSY NA TEIDE\"\/><\/a>\r\n                        <\/div>\r\n                    <\/div><!-- .cv-post-left-wrap -->\r\n                    <div class=\"cv-post-right-wrap\">\r\n                                                <h2 class=\"cv-post-title\">\r\n                            <a href=\"http:\/\/nakanarach.pl\/index.php\/2021\/10\/08\/autobusy-na-teide\/\" target=\"_self\">\r\n                                AUTOBUSY NA TEIDE                            <\/a>\r\n                        <\/h2>\r\n                        <div class=\"cv-post-meta cv-meta-icon-show\">\r\n                            <span class=\"cv-post-date cv-post-meta-item\" itemprop=\"datePublished\"><a href=\"http:\/\/nakanarach.pl\/index.php\/2021\/10\/08\/autobusy-na-teide\/\">8 pa\u017adziernika 2021<\/a><\/span>                        <\/div>\r\n                        <div class=\"cv-post-content\" itemprop=\"description\">Przewo\u017anik uruchomi\u0142 niedawno turystyczne po\u0142\u0105czenia autobusowe z Costa Adeje i Puerto de la Cruz do&hellip;<\/div>                        <div class=\"cv-read-more\"><a href=http:\/\/nakanarach.pl\/index.php\/2021\/10\/08\/autobusy-na-teide\/>Czytaj wi\u0119cej<i class=\"fas fa-arrow-right\"><\/i><\/a><\/div>                    <\/div><!-- .cv-post-right-wrap -->\r\n                <\/article>\r\n                        <article post-id=\"post-2385\" class=\"cv-post post-format--standard\" itemscope itemtype=\"http:\/\/schema.org\/articleBody\">\r\n                    <div class=\"cv-post-left-wrap\">\r\n                        <div class=\"cv-post-thumb\">\r\n                            <a href=\"http:\/\/nakanarach.pl\/index.php\/2021\/08\/17\/dodatkowe-autobusy-na-lotnisko-na-teneryfie\/\"><img decoding=\"async\" src=\"http:\/\/nakanarach.pl\/wp-content\/uploads\/2021\/08\/Autobus-Titsa-Teneryfa-2.jpg\" alt=\"DODATKOWE AUTOBUSY NA LOTNISKA NA TENERYFIE\"\/><\/a>\r\n                        <\/div>\r\n                    <\/div><!-- .cv-post-left-wrap -->\r\n                    <div class=\"cv-post-right-wrap\">\r\n                                                <h2 class=\"cv-post-title\">\r\n                            <a href=\"http:\/\/nakanarach.pl\/index.php\/2021\/08\/17\/dodatkowe-autobusy-na-lotnisko-na-teneryfie\/\" target=\"_self\">\r\n                                DODATKOWE AUTOBUSY NA LOTNISKA NA TENERYFIE                            <\/a>\r\n                        <\/h2>\r\n                        <div class=\"cv-post-meta cv-meta-icon-show\">\r\n                            <span class=\"cv-post-date cv-post-meta-item\" itemprop=\"datePublished\"><a href=\"http:\/\/nakanarach.pl\/index.php\/2021\/08\/17\/dodatkowe-autobusy-na-lotnisko-na-teneryfie\/\">17 sierpnia 2021<\/a><\/span>                        <\/div>\r\n                        <div class=\"cv-post-content\" itemprop=\"description\">Od 17 sierpnia 2021 roku ponownie uruchomiono lini\u0119 nr 343, kt\u00f3ra \u0142\u0105czy Costa Adeje z&hellip;<\/div>                        <div class=\"cv-read-more\"><a href=http:\/\/nakanarach.pl\/index.php\/2021\/08\/17\/dodatkowe-autobusy-na-lotnisko-na-teneryfie\/>Czytaj wi\u0119cej<i class=\"fas fa-arrow-right\"><\/i><\/a><\/div>                    <\/div><!-- .cv-post-right-wrap -->\r\n                <\/article>\r\n                        <article post-id=\"post-1617\" class=\"cv-post post-format--standard\" itemscope itemtype=\"http:\/\/schema.org\/articleBody\">\r\n                    <div class=\"cv-post-left-wrap\">\r\n                        <div class=\"cv-post-thumb\">\r\n                            <a href=\"http:\/\/nakanarach.pl\/index.php\/2021\/06\/01\/znow-mozna-placic-gotowka-w-autobusach\/\"><img decoding=\"async\" src=\"http:\/\/nakanarach.pl\/wp-content\/uploads\/2021\/06\/AQ060521_2002-1200x800-1.jpg\" alt=\"ZN\u00d3W P\u0141ATNO\u015aCI GOT\u00d3WK\u0104 W AUTOBUSACH\"\/><\/a>\r\n                        <\/div>\r\n                    <\/div><!-- .cv-post-left-wrap -->\r\n                    <div class=\"cv-post-right-wrap\">\r\n                                                <h2 class=\"cv-post-title\">\r\n                            <a href=\"http:\/\/nakanarach.pl\/index.php\/2021\/06\/01\/znow-mozna-placic-gotowka-w-autobusach\/\" target=\"_self\">\r\n                                ZN\u00d3W P\u0141ATNO\u015aCI GOT\u00d3WK\u0104 W AUTOBUSACH                            <\/a>\r\n                        <\/h2>\r\n                        <div class=\"cv-post-meta cv-meta-icon-show\">\r\n                            <span class=\"cv-post-date cv-post-meta-item\" itemprop=\"datePublished\"><a href=\"http:\/\/nakanarach.pl\/index.php\/2021\/06\/01\/znow-mozna-placic-gotowka-w-autobusach\/\">1 czerwca 2021<\/a><\/span>                        <\/div>\r\n                        <div class=\"cv-post-content\" itemprop=\"description\">Od 1 czerwca zn\u00f3w mo\u017cna p\u0142aci\u0107 got\u00f3wk\u0105 przy\u00a0zakupie bilet\u00f3w jednorazowych w autobusach kursuj\u0105cych na Gran&hellip;<\/div>                        <div class=\"cv-read-more\"><a href=http:\/\/nakanarach.pl\/index.php\/2021\/06\/01\/znow-mozna-placic-gotowka-w-autobusach\/>Czytaj wi\u0119cej<i class=\"fas fa-arrow-right\"><\/i><\/a><\/div>                    <\/div><!-- .cv-post-right-wrap -->\r\n                <\/article>\r\n                        <article post-id=\"post-806\" class=\"cv-post post-format--standard\" itemscope itemtype=\"http:\/\/schema.org\/articleBody\">\r\n                    <div class=\"cv-post-left-wrap\">\r\n                        <div class=\"cv-post-thumb\">\r\n                            <a href=\"http:\/\/nakanarach.pl\/index.php\/2021\/04\/16\/autobusy-tramwaje-i-pociagi\/\"><img decoding=\"async\" src=\"http:\/\/nakanarach.pl\/wp-content\/uploads\/2021\/04\/Autobus-Lotnisko-Gran-Canaria-scaled.jpg\" alt=\"AUTOBUSY, TRAMWAJE I POCI\u0104GI\"\/><\/a>\r\n                        <\/div>\r\n                    <\/div><!-- .cv-post-left-wrap -->\r\n                    <div class=\"cv-post-right-wrap\">\r\n                                                <h2 class=\"cv-post-title\">\r\n                            <a href=\"http:\/\/nakanarach.pl\/index.php\/2021\/04\/16\/autobusy-tramwaje-i-pociagi\/\" target=\"_self\">\r\n                                AUTOBUSY, TRAMWAJE I POCI\u0104GI                            <\/a>\r\n                        <\/h2>\r\n                        <div class=\"cv-post-meta cv-meta-icon-show\">\r\n                            <span class=\"cv-post-date cv-post-meta-item\" itemprop=\"datePublished\"><a href=\"http:\/\/nakanarach.pl\/index.php\/2021\/04\/16\/autobusy-tramwaje-i-pociagi\/\">16 kwietnia 2021<\/a><\/span>                        <\/div>\r\n                        <div class=\"cv-post-content\" itemprop=\"description\">AUTOBUSY (guaguas) na&nbsp;poszczeg\u00f3lnych&nbsp;Wyspach Kanaryjskich&nbsp;s\u0105 powszechnym i dobrze zorganizowanym \u015brodkiem transportu. Ka\u017cda wyspa posiada w\u0142asn\u0105 firm\u0119&hellip;<\/div>                        <div class=\"cv-read-more\"><a href=http:\/\/nakanarach.pl\/index.php\/2021\/04\/16\/autobusy-tramwaje-i-pociagi\/>Czytaj wi\u0119cej<i class=\"fas fa-arrow-right\"><\/i><\/a><\/div>                    <\/div><!-- .cv-post-right-wrap -->\r\n                <\/article>\r\n            <\/div><\/div>","protected":false},"excerpt":{"rendered":"","protected":false},"author":3,"featured_media":0,"parent":0,"menu_order":0,"comment_status":"closed","ping_status":"closed","template":"","meta":{"om_disable_all_campaigns":false,"_monsterinsights_skip_tracking":false,"_monsterinsights_sitenote_active":false,"_monsterinsights_sitenote_note":"","_monsterinsights_sitenote_category":0,"footnotes":""},"class_list":["post-4390","page","type-page","status-publish","hentry"],"aioseo_notices":[],"blog_post_layout_featured_media_urls":{"thumbnail":"","full":""},"categories_names":null,"comments_number":"0","wpmagazine_modules_lite_featured_media_urls":{"thumbnail":"","cvmm-medium":"","cvmm-medium-plus":"","cvmm-portrait":"","cvmm-medium-square":"","cvmm-large":"","cvmm-small":"","full":""},"_links":{"self":[{"href":"http:\/\/nakanarach.pl\/index.php\/wp-json\/wp\/v2\/pages\/4390","targetHints":{"allow":["GET"]}}],"collection":[{"href":"http:\/\/nakanarach.pl\/index.php\/wp-json\/wp\/v2\/pages"}],"about":[{"href":"http:\/\/nakanarach.pl\/index.php\/wp-json\/wp\/v2\/types\/page"}],"author":[{"embeddable":true,"href":"http:\/\/nakanarach.pl\/index.php\/wp-json\/wp\/v2\/users\/3"}],"replies":[{"embeddable":true,"href":"http:\/\/nakanarach.pl\/index.php\/wp-json\/wp\/v2\/comments?post=4390"}],"version-history":[{"count":2,"href":"http:\/\/nakanarach.pl\/index.php\/wp-json\/wp\/v2\/pages\/4390\/revisions"}],"predecessor-version":[{"id":4452,"href":"http:\/\/nakanarach.pl\/index.php\/wp-json\/wp\/v2\/pages\/4390\/revisions\/4452"}],"wp:attachment":[{"href":"http:\/\/nakanarach.pl\/index.php\/wp-json\/wp\/v2\/media?parent=4390"}],"curies":[{"name":"wp","href":"https:\/\/api.w.org\/{rel}","templated":true}]}}